 the greatest common factor of 24 and n.
24
Let v = 43 - -7. Let i = v + -45. Calculate the highest common divisor of i and 5.
5
Let z be (-7)/(((-2)/36)/1). Let h = -86 + z. Calculate the highest common divisor of h and 20.
20
Let t be 18/((-252)/(-119) - 2). What is the greatest common factor of t and 17?
17
Suppose 0 = -3*p - 3*p - 792. Let a = p - -198. What is the greatest common divisor of 22 and a?
22
Let r(x) = x**2 + 5*x - 6. Let u be r(-6). Suppose 2*f + 18 = -i - u*i, -f - 2*i = 6. Let c be (-22)/f - 2/10. What is the highest common factor of 6 and c?
2
Let n = -52 + 54. Let s be (1/(-3))/(5/(-15)). Suppose s = -n*j + 23. Calculate the highest common divisor of j and 77.
11
Let s be -1 - -2 - -450*1. Suppose 0 = -4*c - s + 91. Let r = 160 + c. Calculate the highest common divisor of r and 10.
10
Let z be (-1 - (-8 + 4)) + 2. Let j be 1562/77 + (-2)/7. Calculate the greatest common factor of z and j.
5
Let f = -307 - -580. Calculate the greatest common factor of f and 78.
39
Let y be (-21)/(-6)*(-70)/(-49). Suppose -y*p + 47 = -8. What is the highest common factor of p and 33?
11
Let b be 4/1*3/2. Suppose 64 = 20*o - 776. Calculate the highest common factor of o and b.
6
Let f be (-12*1)/((-3)/3). Suppose 32 = 5*g - q, -g - 4*q + 0 = 2. Suppose g*z + 0*z = 48. What is the greatest common divisor of f and z?
4
Let y(w) = -w**2 - 6*w + 38. Let p be y(-8). Let r(m) = m**2 + 4*m - 2. Let q be r(-5). Suppose -q*k + 4*k = p. What is the greatest common divisor of 11 and k?
11
Suppose -2*r - 96 = 2*s - 238, r - 2*s - 68 = 0. Let c = 13 - -15. What is the highest common factor of c and r?
14
Let k = 4 - 3. Let o be 10/8 - k/4. Suppose 0 = 3*p - n - 18, -2*p = 3*p + n - 22. What is the greatest common divisor of o and p?
1
Suppose -3*p + 40 = -23. Suppose -c - p = -8*c. Calculate the greatest common divisor of c and 3.
3
Let f be -22*1/(-2)*1. Let q = -46 + 93. Let n = q + -25. Calculate the greatest common divisor of f and n.
11
Suppose 4*a = o + 70, -a = -3*a - 3*o + 42. Let l = 41 + -42. Let d be l/5 + (-678)/(-15). Calculate the greatest common factor of a and d.
9
Let l = 21 + -23. Let n be (l - 30)/(-1) + -4. What is the greatest common factor of n and 70?
14
Let v = -212 + 542. Calculate the highest common divisor of v and 30.
30
Suppose -3*u + 7*u - 72 = 0. Suppose z - 4 = u. Calculate the greatest common divisor of z and 22.
22
Let f be ((-945)/(-49) + -19)/(1/217). What is the highest common divisor of f and 558?
62
Let k = -60 - -146. Suppose 4*a + a + 3*t - k = 0, -3*t = a - 10. Suppose d = 113 + a. What is the highest common factor of 12 and d?
12
Suppose 2*p - 22 = 4*r - 9*r, 5*p = r - 26. Suppose w - 39 + r = 0. What is the highest common factor of w and 3?
3
Suppose 5*r + 4*v = 412, r = 2*r - 4*v - 68. What is the highest common divisor of 70 and r?
10
Let h(b) = 3*b + 17. Let z be h(7). Let m = 45 - z. Suppose -3*a + 31 = 4*f, 4*a - 11 = -0*f - f. Calculate the highest common divisor of f and m.
7
Let h(o) = -148*o - 44. Let p be h(-3). Calculate the highest common divisor of p and 25.
25
Let d(n) = -432*n - 14. Let v be d(-5). Calculate the highest common divisor of 58 and v.
58
Suppose -3*z = -5*v + 14, -3*v + 16 = v. Suppose 3*c = z*x - 49, -2*x + 2*c + 44 = -0*c. What is the highest common divisor of x and 68?
17
Let i be (-194)/6 + 1/6*2. Let l be 3*6/(-9) - i. Calculate the greatest common factor of 10 and l.
10
Let v be 599/7 + (-44)/77. What is the highest common divisor of v and 68?
17
Let m be 348/5 - (-14)/35. Let t(a) = a**2 - 3*a + 1. Let q be t(3). Let p be 15 - (2 + q - 2). What is the greatest common factor of p and m?
14
Let o be ((-4620)/2079)/(22/(-18) + 1). Calculate the highest common factor of 1990 and o.
10
Let l(o) = o**2 - 10*o - 14. Let p be l(12). Let m be 2/(-5) - (-1504)/p. Suppose -6 = -4*f + 54. What is the highest common factor of m and f?
15
Let u = -3812 - -3819. Let b be (2 - 1)*0 + 35. Calculate the greatest common factor of b and u.
7
Let u(x) = -8*x + 26. Let t be u(5). Let p be (26 + -2)/((-21)/t). Calculate the greatest common factor of 104 and p.
8
Suppose -3*f + 9 = 2*y, -10*y + 2*f = -5*y - 13. Suppose 4*g = 46 + 38. Suppose -3 - g = -y*a. What is the greatest common divisor of 88 and a?
8
Let o(r) = r**2 - 9*r + 14. Let x be o(8). Suppose -238 - 14 = -x*u. Calculate the greatest common factor of u and 14.
14
Suppose -2*n = -7*n + 10. Let h be ((-8)/1)/n - -8. Suppose 0*q - 325 = -3*q - a, -h*q + 2*a + 450 = 0. Calculate the highest common factor of q and 22.
22
Suppose -13*x + 0 + 130 = 0. Let g be 424/x + (-8)/20. Calculate the greatest common divisor of 28 and g.
14
Suppose r - 80 + 22 = -3*n, n = -4*r + 210. Let h = 88 + -56. Suppose 11 = -0*y + y + m, -2*y = -3*m - h. What is the greatest common factor of y and r?
13
Suppose -4*w + 2*w = -90. Let x be 246/10 - (-26)/65. Let u(z) = -z + 55. Let s be u(x). What is the highest common divisor of w and s?
15
Let g(y) = 6*y - 6. Let o be g(5). Let v be 40/(-6)*192/(-40). What is the highest common divisor of v and o?
8
Let s(w) = -w**2 - 9*w - 7. Let p(q) = q + 1. Let b(z) = -4*p(z) + s(z). Let u be b(-11). Let r = 74 - 63. What is the greatest common divisor of u and r?
11
Let v be (6/9)/(2/96*2). What is the greatest common divisor of 400 and v?
16
Let w be -34*2*(-549)/36. Calculate the greatest common factor of w and 51.
17
Let l(b) = -b + 1. Let j(q) = 10*q - 2. Let i(u) = -j(u) + 3*l(u). Suppose 4*n = 2*n - 10. Let h be i(n). Calculate the greatest common factor of h and 14.
14
Let a = 11 + -9. Suppose a*v - 19 = 3*v. Let y = 33 + v. Calculate the highest common factor of y and 56.
14
Suppose -16*b + 19*b - 5*x = 28, -5*x - 27 = -2*b. Calculate the greatest common divisor of 22 and b.
1
Let j = -14 - -19. Suppose j*r + 4 = -76. Let u = r + 30. What is the highest common factor of u and 42?
14
Let k(z) = -z**3 + 5*z**2 + 7*z + 9. Let c be k(-6). What is the highest common divisor of c and 33?
33
Let h be (24/15)/((-4)/(-70)). Let o be (h/(-6))/(2/(-3)). Suppose 0 = -3*f + 107 + 61. Calculate the greatest common divisor of f and o.
7
Let q(h) = h**3 - 14*h**2 + 26*h + 8. Suppose 4*g = 3*r - g - 56, 3*g + 60 = 4*r. Let d be q(r). What is the greatest common divisor of d and 8?
8
Let k = -15 - -20. Suppose -k*l + 21 = o, 0*o + 153 = 5*o + l. Let v = -8 - -39. Calculate the greatest common divisor of v and o.
31
Let t be (-42)/(-56) - (-325)/20. Let n be 136*(-2 + 5/2). Calculate the highest common factor of n and t.
17
Let v = 40 + -15. What is the greatest common factor of v and 225?
25
Let b be (-52)/6 + 4/6. Let p be (b/(-6))/(4/12). Suppose -96*k + 112 = -92*k. Calculate the highest common divisor of k and p.
4
Let d be 30*-1*2*-1. Let h be (-6)/48*4*-40. Calculate the highest common factor of h and d.
20
Suppose 0 = 102*x - 100*x + 108. Let v = x - -57. What is the greatest common divisor of v and 21?
3
Let n be 3 + 724*4/16. What is the highest common divisor of n and 69?
23
Suppose -2*p - 35 = -125. Suppose c = -4*r + p, 3*r + 233 = 5*c + 8. Let w(s) = -4*s + 41. Let l be w(8). Calculate the highest common factor of l and c.
9
Let v = 32 + -29. Suppose -f - 3*f = 3*y + 6, -v*f - 2 = y. Suppose -6 = -f*a + 3*a, 2*o - 20 = 5*a. Calculate the greatest common divisor of 25 and o.
5
Let d = 360 - 118. Suppose 5*x + 12 = -18. Let y(m) = -3*m + 4. Let t be y(x). What is the highest common divisor of t and d?
22
Suppose -370*u = -379*u + 126. What is the greatest common divisor of u and 21?
7
Let v(x) = 2*x**2 - 11*x + 20. Let o be v(7). Suppose o = w - 2*i, 4*w + 37 - 157 = -3*i. Calculate the greatest common factor of w and 22.
11
Let d(m) = 2*m**2 - 4*m - 11. Let r be d(8). Calculate the greatest common divisor of r and 425.
85
Let x be (24/(-10))/((-4)/10). Suppose -5*a - 3*l = -x, -2*a + 0*a = 5*l - 10. Suppose a = -2*z + 11 - 5. What is the greatest common factor of 24 and z?
3
Suppose -9*o - 40 = -7*o. Let p be (-648)/o - 2/5. What is the greatest common factor of 80 and p?
16
Suppose 3*n - 15 + 0 = 0. Let y be 14/(-4)*40/(-70). Suppose -40 = z - y*z. Calculate the greatest common factor of z and n.
5
Suppose -r + 2369 = 4*a, -6*a + 11933 = 5*r - 8*a. Calculate the highest common factor of 45 and r.
45
Suppose 0*p + 2*p =